5)/2)/(-5)*x?
2, 13
What are the prime factors of ((-6)/9)/(20/(-6090))?
7, 29
Let s(m) be the second derivative of 11*m**5/5 + m**2/2 - 6*m. Let z be s(1). What are the prime factors of (z/(-10))/9*-126?
3, 7
Suppose -23 = 5*t - 98. What are the prime factors of ((-6)/(-10) - 1) + 156/t?
2, 5
Let f = 33 + -30. Let w be -4 + (-11 - f) + 2. What are the prime factors of w/88 - 321/(-11)?
29
Let d be ((-2)/(-2))/((-12)/(-24)). Suppose g - 42 = -d*g. Let u = 55 - g. What are the prime factors of u?
41
Let r(t) = 2*t - 24. Let i be r(12). Suppose 4*x - 2*x + 2*d - 114 = i, -3*d - 45 = -x. What are the prime factors of x?
2, 3
Let k be (137/2)/((-4)/(-8)). Let f = -98 + k. What are the prime factors of f?
3, 13
Let b = -10 - -16. What are the prime factors of 18 + b - (-2 + 4)?
2, 11
Suppose 62*j + 13108 = 87694. What are the prime factors of j?
3, 401
Let t(c) = -c**3 + 7*c**2 + 2*c - 8. Let p be t(7). Suppose 24 = -5*q - p. Let a = 10 + q. What are the prime factors of a?
2
Let i(z) = 10*z**2 + 4*z**2 + 9*z**2 + 2 - 5*z + z**3 - 17*z**2. Let g(k) = 6*k**3 - k**2 + 1. Let p be g(-1). What are the prime factors of i(p)?
2
Let s be (-715)/26*(-72)/10. Let i = s + -69. What are the prime factors of i?
3, 43
Let i = 761 - 298. List the prime factors of i.
463
Let x(p) = 4*p**3 - 2*p**2 - 3*p - 3. Let z be x(3). Let q = z + -29. What are the prime factors of q?
7
Suppose 281 + 153 = 7*i. Suppose -4*a + 5*z = -129, 112 = 5*a - 2*z - i. What are the prime factors of a?
2, 3
Suppose p + 16 = -17. Let f = p - -44. List the prime factors of f.
11
Suppose -6*v = -18*v + 5028. What are the prime factors of v?
419
Suppose -589 = -5*p - 4*q + 2402, 2*q + 2 = 0. What are the prime factors of p?
599
Let k(f) = 89*f**2 + 74*f - 7. What are the prime factors of k(-4)?
19, 59
Let d = 120 + -189. Let r = d + 131. What are the prime factors of r?
2, 31
Let z(a) = -a**3 + 8*a**2 - 3. Let b be z(8). Let o be 4/b*15/10. List the prime factors of (o - -1)/(3/(-63)).
3, 7
Suppose 2*j = 3*m + 61, 2*j + 0*j - 2*m = 66. Suppose -c - j = -125. Suppose -27 - c = -3*h. What are the prime factors of h?
2, 19
Let b be (-12)/2 + 2 + 160 + 5. Let i = 20 + b. What are the prime factors of i?
181
Let u(h) = -375*h + 1. List the prime factors of u(-2).
751
What are the prime factors of (-2 + 646/(-4))*10/(-3)?
5, 109
Suppose 56 = 2*f - 2*x, -5*f - x + 70 + 52 = 0. List the prime factors of f.
5
Let u = -20 - -118. Let z(y) = -42*y - 204. Let n be z(-5). Suppose n*c - u + 26 = 0. List the prime factors of c.
2, 3
Suppose 0 = 3*f + 448 + 374. Let k = -186 - f. List the prime factors of k.
2, 11
Let a(u) = -u**3 - 3*u**2 + 6*u + 8. Let t be a(-4). Suppose t*f + 56 = f. What are the prime factors of f?
2, 7
Let z(h) = -h - 8. Suppose 2*l - 13 = 3. Let b be z(l). Let v = b + 30. What are the prime factors of v?
2, 7
Let l(z) = 48*z**2 + 11*z + 6. List the prime factors of l(-4).
2, 5, 73
Let j(z) = 144*z + 1085. List the prime factors of j(15).
5, 11, 59
Let w(v) = 42*v**2 + 72*v - 1. What are the prime factors of w(-9)?
2753
Let s(c) = -50*c**3 - 2*c**2 - c. Let n be s(-1). Let v be (-2)/7 + 112/n. Suppose p = -v*t - 2*t + 31, 23 = 3*t + p. What are the prime factors of t?
2
Let b(z) = -66*z**3 - 6*z**2 + 8*z + 10. What are the prime factors of b(-4)?
2, 2053
Let s(p) = p**2 + 9*p + 2. Let u be s(-9). Suppose 3 = -i + u*i. Suppose d + 0 = 3*o - 46, -i*d + 15 = 0. What are the prime factors of o?
17
Suppose -73*y = -76*y - 3. Let k = 11 - y. List the prime factors of k.
2, 3
Suppose -5*i + 5464 = -2*m, -4*m - 1486 - 2890 = -4*i. What are the prime factors of i?
2, 3, 7, 13
Suppose -118*t + 123*t - 15 = 0. Suppose -u = 4*r + 23 - 9, -t*r - 15 = 0. What are the prime factors of u?
2, 3
Suppose 2*y = 2*c + 74, y - 25 = 5*c - 8*c. List the prime factors of y.
2, 17
Suppose -22*c - 20880 = -102*c. List the prime factors of c.
3, 29
List the prime factors of ((-1028)/(-4))/(-1)*-9.
3, 257
What are the prime factors of (-13)/(52/18 - 3)?
3, 13
Let a(t) = -t**3 - t + 95. Suppose 11*g = 8*g. What are the prime factors of a(g)?
5, 19
Let m(q) = q**3 - 13*q**2 + 13*q - 10. Let n be (20 + -12)*3/2. Suppose -4*d + 5*d - n = 0. List the prime factors of m(d).
2
Suppose -3*k - 22 + 96 = 4*y, -4*k + 5*y + 78 = 0. What are the prime factors of (-328)/6*(4 + k/(-4))?
2, 41
Let m(h) = -12*h + 13. Let k be m(6). Let w = k - -67. What are the prime factors of w?
2
Suppose 5*s = 5*t + 420, 4*s + 299 - 26 = -3*t. Let g = t + 184. List the prime factors of g.
97
Let a be 20/25 - 8/10. List the prime factors of 144 - 1/(-4)*a.
2, 3
Let g be (-8)/((-2)/(-14) - 22/350). What are the prime factors of (-2930)/(-22) + -1 + g/550?
2, 3, 11
Let i be 0/2*(-1)/(-1). Suppose i = d - 5*c - 30, -3*d + 34 = -d + 3*c. Suppose -23*o + 21*o = -d. List the prime factors of o.
2, 5
Let a(v) be the first derivative of -1/4*v**4 - 4*v - v**2 - v**3 + 1. List the prime factors of a(-4).
2, 5
Let m be 96 + (1 + 0 - 4). Suppose 4*f - p - p = 94, 0 = -4*f + 3*p + m. Suppose 1 = -2*s - 1, -s - f = -c. What are the prime factors of c?
23
Let y = -1086 - -1556. What are the prime factors of y?
2, 5, 47
List the prime factors of 7563/15 + (-72)/60.
503
Let j(u) = u**2 + 5*u - 1. Let l be j(-6). Suppose -3*b - l*n + 101 = -183, -498 = -5*b + 4*n. List the prime factors of b.
2, 7
Suppose 0 = m - 16 + 12. What are the prime factors of (m/(-2) - -4)*67?
2, 67
Let c = 582 - 178. List the prime factors of c.
2, 101
Let r(z) = -5*z**3 + 31*z - 19*z - 13*z - 3*z**2. Let a be r(-2). Let y = -16 + a. List the prime factors of y.
2, 7
Suppose 0 = -28*z + 24*z. Suppose z = 3*s - 72 + 12. List the prime factors of s.
2, 5
Suppose -d - 2*j - 5 = 1, -5*j = 20. Suppose -d = -c, 7*c = p + 8*c - 6. Suppose -2*r = 3*r - 5, 4*x = -p*r + 68. List the prime factors of x.
2
Let a(j) = -84*j + 1. Let s be a(1). Let w = 129 + s. What are the prime factors of w?
2, 23
Suppose -7*v + 8*v = 4. Suppose -v*a - a = -215. List the prime factors of a.
43
Suppose 17*g + 1606 = 5227. List the prime factors of g.
3, 71
Let i = 636 + -410. Suppose -3*h = -5*q + i, -4*q - 4*h + 98 = -70. What are the prime factors of q?
2, 11
Suppose t = -9 + 3. What are the prime factors of ((-81)/(-6))/(t/(-8))?
2, 3
Let s = 1547 - 912. Let x = s - 402. What are the prime factors of x?
233
Suppose 3*u - 2*x - 1435 = 0, 1915 = u + 3*u - x. List the prime factors of u.
479
Let w be (10/(-3))/(4/6). Let i(f) = f**2 + 6*f + 3. Let n be i(w). List the prime factors of n - (0 + (-21)/3).
5
Let f(h) = 5*h + 6 - h**3 + h**2 + 8*h**2 - 13*h**2 - h**3. Let p be (-2 - -3)*(-4)/1. What are the prime factors of f(p)?
2, 5
Let w = 2727 + -1697. What are the prime factors of w?
2, 5, 103
Suppose -4*z - 2*l + 8368 = 0, -22*l = -2*z - 24*l + 4186. What are the prime factors of z?
3, 17, 41
Let o = -1076 - -3635. List the prime factors of o.
3, 853
Suppose 0*v = 4*v + 20, 5*v = -4*g + 9895. List the prime factors of g.
2, 5, 31
Let x = -16 - -19. Let u be 2 + (-4)/(3 - 1). Suppose -v + 30 = -0*r - 3*r, u = -5*v - x*r + 96. What are the prime factors of v?
3, 7
Suppose -2*x + 1143 = -3*m, 2810 = 10*x - 5*x + 2*m. List the prime factors of x.
2, 3, 47
Let g(l) = l**3 + 4. Let r be g(0). Suppose r*u - 4 = 0, 2*z - 147 = -2*z - 3*u. Suppose 3*n - 7*n = -z. List the prime factors of n.
3
Suppose -11*x - 622 = -14*x - 2*a, x - 3*a - 200 = 0. What are the prime factors of x?
2, 103
Suppose 3*c - 3*a + a - 9 = 0, a = 3*c - 6. Suppose 0 = -4*g - c + 9. Let u(f) = 4*f**3 - 3*f**2 + f + 1. List the prime factors of u(g).
23
Suppose 0 = 2*k - k - 3. Suppose -45 = -k*f + 2*f. List the prime factors of f.
3, 5
Let t(i) = 36*i**2 - 2*i - 2. What are the prime factors of t(2)?
2, 3, 23
Suppose 3*x = 7*x - 2048. What are the prime factors of x?
2
Let s = -113 + 56. Let t = -26 - -29. What are the prime factors of (-532)/s + (-1)/t?
3
Let y(v) = -v + 4. Let l be y(3). Let w(j) = 135 + 8*j**2 - 134 + 8*j**2 + 3*j**2. List the prime factors of w(l).
2, 5
Suppose -1578 - 689 = -j. What are the prime factors of j?
2267
Let v(a) = -3*a**3 + 13*a**2 + 118*a. List the prime factors of v(-7).
2, 3, 5, 7
Suppose -r = -5*k - 88, -r + 81 = 2*k - 28. List the prime factors of r.
103
Let h(c) = 5*c**2 + 28*c + 181. List the prime factor